00
What is -3 (base 14) in base 2?
-11
Convert 0 (base 4) to base 9.
0
What is 1 (base 10) in base 4?
1
What is 2 (base 12) in base 15?
2
What is -1 (base 5) in base 3?
-1
Convert 1c (base 15) to base 16.
1b
What is -5 (base 7) in base 12?
-5
What is 5 (base 15) in base 6?
5
-40 (base 9) to base 5
-121
Convert -11000110 (base 2) to base 10.
-198
Convert 7 (base 12) to base 9.
7
-40 (base 14) to base 8
-70
Convert 3 (base 8) to base 3.
10
What is -7 (base 12) in base 13?
-7
What is 2403 (base 5) in base 16?
161
Convert 20 (base 5) to base 8.
12
Convert -11 (base 11) to base 5.
-22
-22 (base 3) to base 9
-8
-6 (base 7) to base 15
-6
What is -2 (base 4) in base 8?
-2
-11 (base 10) to base 8
-13
-3 (base 16) to base 2
-11
Convert 0 (base 3) to base 11.
0
Convert -3 (base 12) to base 6.
-3
Convert 26 (base 9) to base 6.
40
Convert -2 (base 3) to base 15.
-2
Convert -4 (base 16) to base 8.
-4
0 (base 2) to base 10
0
10 (base 8) to base 12
8
What is 3 (base 12) in base 15?
3
What is -201 (base 5) in base 10?
-51
-237 (base 10) to base 9
-283
1a (base 15) to base 6
41
What is 2b (base 14) in base 2?
100111
1100 (base 2) to base 5
22
What is 7 (base 9) in base 2?
111
2 (base 11) to base 7
2
-3 (base 7) to base 2
-11
What is -11001010 (base 2) in base 15?
-d7
101 (base 2) to base 12
5
-2 (base 5) to base 2
-10
10 (base 7) to base 11
7
-2 (base 14) to base 9
-2
What is -1011100 (base 2) in base 8?
-134
1 (base 3) to base 9
1
Convert -7 (base 15) to base 7.
-10
-1 (base 8) to base 7
-1
Convert -10100010 (base 2) to base 15.
-ac
What is -1 (base 5) in base 9?
-1
Convert 1 (base 2) to base 11.
1
What is 200 (base 3) in base 11?
17
-15 (base 7) to base 2
-1100
2210 (base 3) to base 16
4b
1003 (base 4) to base 8
103
Convert 8 (base 12) to base 15.
8
What is -221 (base 6) in base 14?
-61
What is 1 (base 12) in base 15?
1
Convert 4 (base 11) to base 6.
4
Convert -8 (base 9) to base 8.
-10
What is -7 (base 8) in base 12?
-7
-3 (base 15) to base 10
-3
-10 (base 5) to base 4
-11
4 (base 11) to base 14
4
What is 13 (base 14) in base 8?
21
1001 (base 2) to base 11
9
What is -3 (base 6) in base 5?
-3
What is a6 (base 13) in base 15?
91
What is 2 (base 16) in base 11?
2
1021 (base 4) to base 10
73
6 (base 8) to base 6
10
-3 (base 11) to base 7
-3
What is -13 (base 13) in base 4?
-100
Convert a (base 12) to base 5.
20
What is 7b (base 14) in base 6?
301
-9 (base 15) to base 7
-12
What is 1 (base 2) in base 7?
1
Convert 5 (base 6) to base 15.
5
Convert -12 (base 5) to base 7.
-10
Convert 1 (base 10) to base 11.
1
Convert -3 (base 5) to base 2.
-11
Convert 1401 (base 5) to base 13.
145
1 (base 14) to base 11
1
-23 (base 4) to base 9
-12
12 (base 7) to base 2
1001
Convert -66 (base 10) to base 2.
-1000010
0 (base 14) to base 13
0
28 (base 11) to base 10
30
Convert -3 (base 15) to base 11.
-3
What is -6 (base 8) in base 14?
-6
What is 20 (base 16) in base 2?
100000
What is 11 (base 4) in base 9?
5
What is 4 (base 11) in base 9?
4
Convert 5 (base 9) to base 12.
5
-2 (base 9) to base 6
-2
2 (base 16) to base 4
2
Convert 132 (base 4) to base 8.
36
What is 7 (base 13) in base 10?
7
-51 (base 13) to base 12
-56
63 (base 8) to base 11
47
What is 1313 (base 4) in base 3?
11102
Convert 1 (base 4) to base 9.
1
Convert -3 (base 14) to base 7.
-3
-3 (base 8) to base 16
-3
What is 1200 (base 3) in base 12?
39
What is 1001001 (base 2) in base 13?
58
What is -241 (base 9) in base 4?
-3013
Convert -7 (base 8) to base 13.
-7
What is 10 (base 2) in base 4?
2
-1 (base 11) to base 2
-1
What is -6 (base 15) in base 4?
-12
Convert 11 (base 5) to base 14.
6
Convert 10 (base 6) to base 3.
20
What is 11011000 (base 2) in base 3?
22000
83 (base 12) to base 3
10200
Convert -1 (base 4) to base 3.
-1
What is 20 (base 7) in base 12?
12
-2 (base 8) to base 4
-2
Convert -4 (base 6) to base 11.
-4
e7 (base 15) to base 13
139
What is 131 (base 11) in base 16?
9b
Convert -140 (base 5) to base 14.
-33
-2 (base 16) to base 6
-2
Convert -104 (base 6) to base 2.
-101000
What is 12 (base 3) in base 10?
5
Convert -2343 (base 5) to base 15.
-183
Convert 2 (base 4) to base 8.
2
What is 11 (base 8) in base 16?
9
What is 209 (base 13) in base 5?
2342
What is -44 (base 6) in base 9?
-31
What is 1106 (base 7) in base 6?
1502
What is -6 (base 8) in base 4?
-12
What is 6 (base 14) in base 15?
6
Convert -2 (base 11) to base 9.
-2
What is -1 (base 12) in base 15?
-1
20 (base 3) to base 6
10
-33 (base 6) to base 2
-10101
What is -1 (base 16) in base 9?
-1
12 (base 7) to base 13
9
-2 (base 14) to base 9
-2
Convert 2 (base 12) to base 4.
2
Convert 10 (base 2) to base 8.
2
67 (base 13) to base 9
104
-2 (base 12) to base 13
-2
Convert 100 (base 3) to base 5.
14
Convert -51 (base 8) to base 4.
-221
100 (base 2) to base 7
4
What is 312 (base 9) in base 7?
512
1 (base 10) to base 16
1
Convert 6b (base 14) to base 15.
65
14 (base 5) to base 11
9
What is 164 (base 8) in base 15?
7b
-5 (base 15) to base 10
-5
111 (base 4) to base 10
21
What is 61 (base 7) in base 14?
31
314 (base 5) to base 4
1110
Convert -11 (base 10) to base 12.
-b
Convert b (base 13) to base 6.
15
Convert 5 (base 13) to base 7.
5
Convert -144 (base 5) to base 4.
-301
0 (base 6) to base 10
0
Convert -32 (base 4) to base 5.
-24
-101 (base 2) to base 11
-5
What is -1d (base 16) in base 8?
-35
-101 (base 4) to base 13
-14
What is 111 (base 11) in base 5?
1013
Convert 7 (base 9) to base 15.
7
-1 (base 6) to base 11
-1
Convert -18a (base 15) to base 3.
-111011
-11010111 (base 2) to base 6
-555
Convert 2 (base 7) to base 13.
2
What is a5 (base 16) in base 3?
20010
Convert -21 (base 7) to base 14.
-11
What is 7 (base 15) in base 5?
12
What is -172 (base 9) in base 12?
-102
-1000 (base 2) to base 9
-8
What is 1 (base 8) in base 10?
1
Convert 42 (base 5) to base 9.
24
What is -56 (base 8) in base 2?
-101110
Convert 2 (base 6) to base 5.
2
1 (base 12) to base 11
1
Convert -14 (base 10) to base 2.
-1110
2 (base 13) to base 12
2
197 (base 15) to base 8
557
Convert 33 (base 16) to base 8.
63
Convert -177 (base 8) to base 11.
-106
What is 1 (base 7) in base 14?
1
Convert 155 (base 7) to base 8.
131
-143 (base 12) to base 8
-303
21 (base 8) to base 10
17
What is -9 (base 14) in base 2?
-1001
What is -10 (base 8) in base 9?
-8
Convert -2 (base 14) to base 16.
-2
Convert -1 (base 6) to base 8.
-1
0 (base 10) to base 9
0
Convert -10 (base 6) to base 7.
-6
What is 425 (base 7) in base 5?
1330
Convert -1 (base 15) to base 11.
-1
Convert -122 (base 3) to base 5.
-32
Convert -d (base 15) to base 16.
-d
Convert 11 (base 2) to base 15.
3
What is 14 (base 14) in base 12?
16
70 (base 8) to base 10
56
What is -133 (base 10) in base 3?
-11221
-1343 (base 5) to base 4
-3133
5 (base 7) to base 12
5
Convert 40 (base 9) to base 8.
44
-3 (base 8) to base 15
-3
What is -73 (base 15) in base 5?
-413
Convert -110101 (base 2) to base 15.
-38
What is 0 (base 16) in base 5?
0
-23 (base 10) to base 5
-43
Convert 11111 (base 2) to base 5.
111
48 (base 11) to base 14
3a
13 (base 13) to base 5
31
-11 (base 2) to base 10
-3
10 (base 3) to base 16
3
7a (base 13) to base 5
401
-200 (base 5) to base 3
-1212
1b (base 13) to base 14
1a
-100 (base 2) to base 16
-4
What is 13 (base 8) in base 14?
b
What is -1d (base 14) in base 16?
-1b
4 (base 15) to base 16
4
What is 2 (base 12) in base 15?
2
201 (base 3) to base 13
16
Convert d (base 15) to base 8.
15
What is 20 (base 9) in base 6?
30
What is 10 (base 2) in base 6?
2
What is -28 (base 11) in base 14?
-22
Convert -5 (base 16) to base 11.
-5
What is 30 (base 7) in base 9?
23
Convert 9 (base 11) to base 9.
10
What is 56 (base 11) in base 16?
3d
10 (base 15) to base 14
11
-1b (base 12) to base 10
-23
Convert a (base 14) to base 4.
22
Convert -1001000 (base 2) to base 5.
-242
What is -c (base 15) in base 10?
-12
Convert 22 (base 5) to base 6.
20
Convert 1101000 (base 2) to base 6.
252
What is -45 (base 11) in base 4?
-301
Convert -1 (base 9) to base 12.
-1
14a (base 15) to base 10
295
0 (base 10) to base 7
0
221 (base 5) to base 16
3d
-18 (base 16) to base 4
-120
Convert 2 (base 14) to base 4.
2
-1 (base 4) to base 5
-1
Convert -2 (base 14) to base 7.
-2
c (base 14) to base 11
11
-323 (base 4) to base 6
-135
What is -102 (base 3) in base 10?
-11
Convert 5 (base 